What is 8 + -9 + (6 - 13)?
-8
What is 11 + -1 + (6 - 4 - (2 - 3))?
13
13 - (-130 + 133 + 0 + (2 - 5))
13
Calculate (2 + -7 + 8 + 3 - 13) + -5.
-12
Calculate -49 - (-17 - (-11 + 25)).
-18
4 - (29 - (7 - -4))
-14
Evaluate (10 + -2 - 18 - 29) + (8 - -1).
-30
Evaluate (605 - 593) + -9 + -1 - (-12 + 1).
13
What is -16 - (-13 + 18) - -13?
-8
Calculate 1 + -11 + 2 - (2 - (1 - 6)).
-15
Calculate 24 + 0 + -449 + 460.
35
Evaluate -11 - ((-3 - -9) + 20 + -21).
-16
10 - 5 - (11 + -8)
2
-3 + 2 + 4 + -4 + -27
-28
What is -20 + (4 - (-11 - (-12 + 5))) + -6?
-18
What is 1 + 7 + -12 + -5?
-9
Evaluate -18 + 11 + 13 + 2.
8
What is 196 - 182 - ((37 - -1) + 1)?
-25
What is the value of (5 + -5 + -8 - -3) + 18 + -8?
5
Calculate 4 - (4 + -10 + (-2 + 5 - 5)).
12
What is the value of -5 + -45 + 7 + 22?
-21
What is -3 - (-9 + (4 - 2))?
4
Evaluate 22 + (-7 + 36 - 28).
23
Evaluate (5 - (-11 - -12)) + -4.
0
((1 - 13) + 12 - 13) + 8
-5
(-12 - (-1 + 0)) + -372 + 378
-5
What is the value of -21 - (-30 - -15) - (3 + 1)?
-10
What is (-1 - 0) + (-41 - -51) - 49?
-40
Evaluate 5 + (-1 - 13 - -11) + 4.
6
What is the value of -7 - -18 - 16 - (1 - (4 + -1))?
-3
What is the value of -36 + 15 - (-11 + 1) - (-4 - -4)?
-11
-11 + (-2 - (4 - 4)) - 5
-18
What is the value of 1 - (44 + -10 + 3)?
-36
What is 15 + -9 + -7 + -15?
-16
What is the value of (5 - -3 - -10) + -15?
3
-36 - -42 - (-12 - -3)
15
What is 8 - 6 - (-2 + 10 + 2)?
-8
Evaluate -1 + -1 - ((-9 - -18) + -10).
-1
4 + 2 - (-9 + 7 - (-14 - -10))
4
-10 + (5 - (-23 - -9)) + -7
2
-1 + -1 - (-5 + 17 + (3 - 16))
-1
What is the value of (2 + 0 + 3 - -1) + 10?
16
Calculate -336 - -361 - ((2 - 0) + 2) - 8.
13
Calculate 41 + -27 - 33 - -48.
29
Evaluate (15 + -18 + 16 - 6) + -1.
6
What is (-71 - -62) + (1 + -7 - (-1 - -1))?
-15
What is the value of -7 + (-5 + (21 - 2) - 7) - 4?
-4
-1 + 57 + 225 + -256
25
What is (-45 - (46 - 95)) + (0 - -8)?
12
-5 + (-7 - (-19 - -20))
-13
Evaluate 6 - ((-4 - -1) + -10 + 6 + 1).
12
What is -10 - (45 + -91 - -43)?
-7
What is 3 - (-27 - -7 - -45)?
-22
2 + -4 - ((16 - 16) + -9) - 28
-21
Calculate -2696 + 2696 + -12 + 0.
-12
Evaluate -14 + (-4 - (-41 + 15)).
8
What is the value of -66 - (-32 + -6) - 3?
-31
(5 - 23) + 0 + 20
2
What is -6 + -40 + 30 + -9?
-25
Calculate 25 + -17 + (-10 - -22) + -8.
12
Calculate 0 + -2 + 40 + -23.
15
Evaluate (-19 - -6) + -6 - 0 - (-2 - 0).
-17
What is the value of 4 + (-31 - -27) + 10?
10
What is 12 - ((-5 - (0 - 7)) + 2)?
8
What is (15 + -16 - -9) + 14 + -53?
-31
Evaluate (-6 - (17 + -28)) + 10.
15
(-22 - -10) + 9 + (6 - -4 - 2)
5
Calculate (1 - -2) + -1 + -21 + (-328 - -339).
-8
What is the value of -2 + 3 + 17 - (-947 + 943)?
22
46 - (2 - (16 + -35))
25
Evaluate (2 - (11 - 10 - (4 - 3))) + 11.
13
What is (6 + 11 - 6) + -10?
1
Evaluate (-248 - -232) + -2 + 38.
20
Calculate (2 - 1) + 13 - (-308 + 285).
37
(-2 - (-8 + 14) - 1) + -3
-12
What is 21 + 14 - (12 + 1 - -3)?
19
What is 11 - (-5 + 1 - (3 + -2))?
16
What is 19 + (9 - 11) + -12?
5
Calculate 11 + 3 + 10 + -32 + 9.
1
Calculate -3 - (1 - 0) - (-6 + 6 + 6).
-10
Evaluate 613 - 650 - (-2 + -57).
22
What is the value of 20 + -8 - (-36 + 20)?
28
Calculate (-1 - ((-2 - -8) + (-16 - -15))) + 6.
0
1 + -1 + -2 + (518 - 510)
6
Calculate -1 + 7 + 6 + (-6 - 8).
-2
Evaluate 25 - 1 - (-5 + -17 + 27 + 1).
18
What is the value of 1 - (-12 + 14) - 3?
-4
What is -47 - (-38 - 8) - (9 + 0)?
-10
What is -14 - (5 + -6 + (2 - 0) - 3)?
-12
Calculate -22 - (-10 + (6 - (20 + -8)) + 8).
-14
What is the value of (3 - 18) + (18 + -7 - 5)?
-9
-19 - -2 - (-9 - (-20 + 18))
-10
(-6 - -6) + (22 - 14) + 11
19
Calculate 1 - (-37 + 31 + (2 - 3) + -1).
9
Calculate (13 - -1 - 10) + -2 + 5 + -2.
5
Calculate 14 + 5 + (-70 - -31).
-20
What is the value of -7 + (0 - -11 - 9) + 5?
0
Calculate -5 - (-17 - (9 - 7) - 7) - 6.
15
Evaluate (2 - -3 - -2) + (-16 - -22).
13
What is -10 - ((-17 - -9) + -21)?
19
What is the value of -65 + 72 + (-16 - -2 - 1 - 1)?
-9
Evaluate -16 + (-1 + 9 - -4) + (-4 - 2).
-10
What is 4 + (-10 - (-16 - -1))?
9
Evaluate -6 + 2 + (19 - 5) - (-3 + 14).
-1
What is the value of 6 + (12 - 24) + (13 - -11)?
18
6 + (-3 - (-2 - (8 + -12)))
1
Evaluate -1 + 8 + 1 + -2 + -2 - 17.
-13
What is 40 - (1 - (17 - (38 - 5)))?
23
What is -14 + -2 + -37 + 49 + -6?
-10
(29 - 39 - -33) + (-1 - 1)
21
Evaluate (2 - (-6 - (1 + -14))) + 29 + -35.
-11
8 + (-16 + 9 - -3) + 3
7
What is -2296 - -2331 - (16 + (1 - 1))?
19
Calculate 22 + -33 + (2 - 1).
-10
What is 28 - (30 + 35 + -55 + -11 + 1)?
28
What is (5 - (15 - 12)) + (-1 - -1)?
2
What is the value of 4 - 1 - (-37 + 22)?
18
Evaluate 1 + (-1 - ((-2 - 7) + -5)).
14
Evaluate 10 - (-3 + (4 - -5)).
4
(-9 + -14 - (-20 + (2 - -7))) + -7
-19
What is (1 - (3 - -13)) + 15 - (-3 + 1)?
2
What is 0 + 0 - (-5 + -15 + (6 - -2))?
12
What is 19 + 12 + -5 + -13?
13
-2 - (163 - 150 - (-1 + -1))
-17
What is the value of 1 + (0 - (9 - 7)) + 5?
4
What is -27 + (46 - 19) + (0 - 15)?
-15
Evaluate -29 + (14 + -39 - -44).
-10
Calculate -34 + 65 + -33 - (0 + -24).
22
15 - (21 - 27 - -25) - (11 + 1)
-16
What is 25 - 7 - ((-4 - 1) + (75 - 75))?
23
What is -14 - (-13 - (-31 - -15))?
-17
Evaluate -621 + 622 - (-1 - 0 - -15).
-13
-11 + 2 + -22 + 28 + -4 + 2
-5
(30 - 41 - (-2 - 0)) + -2
-11
Calculate 16 - ((-3 - (11 + -27)) + -8).
11
Calculate -8 - -16 - (6 + (13 - 6) - 3).
-2
What is the value of 10 + -1 - ((-47 - -57) + -3 + 26)?
-24
Calculate -1 - -17 - 17 - (-5 + 0).
4
Evaluate 3 - (-7 + 0 + (20 - 9)).
-1
Calculate -7 + (-10 + -5 - -7).
-15
What is the value of -13 + (5 - 0) + 11 - 2?
1
What is 28 + -12 + 1 - (-2 + -4)?
23
What is the value of 16 + -4 - (2 - 3)?
13
Calculate 8 - 5 - ((0 - (5 - 6)) + -1).
3
Evaluate 2 - 7 - ((6 - 22) + -5 + 2).
14
(-2 - -2) + -6 - (41 + -80 + 5)
28
-6 - ((-2 - (-26 + 4)) + -50 + 48)
-24
38 + (-18 - 15 - -6)
11
What is 10 + (10 - 18) + 19?
21
Evaluate 4 + (-13 - (5 + -4) - 4).
-14
What is -1 + (12 - (-4 + 8)) + -2 + -1?
4
Evaluate (-3 - (-2 + 11)) + 17.
5
(-8 - (4 + -8)) + 11 - (-1 - -17)
-9
What is the value of -4 + -8 - -1 - 19?
-30
3 - (-12 - -24) - -17
8
Calculate (-16 - -3) + (-45 - -51).
-7
3 + -8 + 6 + -9 + 2
-6
Evaluate -1269 - -1295 - (0 + 6).
20
Calculate 9 - (7 + -20 + 25 + -15).
12
9 - 14 - (0 + 7 + -4) - 7
-15
Evaluate 9 + (1 - -12) + -15.
7
What is 11 + (-1 - -3) - (-153 + 155)?
11
Calculate 12 + -16 - (1 - 11).
6
Evaluate -22 - (16 - 14 - 22).
-2
What is the value of 4 - -5 - 13 - (-2 + -12 - 0)?
10
Calculate (4 - (1 - -17 - -6)) + 3.
-17
Evaluate -77 + 89 + -10 + 1.
3
-25 + (5 - -25) + -11
-6
What is 14 + (4 + -2 - 7)?
9
Evaluate 13 - (12 + 4 - 28) - 3.
22
Calculate 8 + -18 + 50 + -26.
14
Evaluate -8 + (-8 - -1) + (4 - -12).
1
Calculate 0 - 0 - (-4 + 7 - 13).
10
What is the value of (-15 - -18) + (4 - (0 + 2))?
5
4 - (-14 + -27 + 8 + 12)
25
Evaluate 7 + (-20 - -9) - -2.
-2
Calculate 20 + 1 - ((16 - -5) + -10).
10
What is (4 - 1) + 0 + (4 - (1 + -2))?
8
Evaluate (2 - (0 + 6) - (102 - 107)) + 3.
4
-1 + (45 - 33 - 27)
-16
(0 - (-3 + 3)) + 0 - (129 + -118)
-11
Calculate -5 + 9 + 7 + -7 + 6.
10
Evaluate -3 + -12 + 3 + (-211 - -239).
16
Evaluate (-10 - 8 - -15) + 0 + -5.
-8
What is -12313 + 12338 - (-1 + 1 + -1 - 0)?
26
Evaluate 9 + -11 + (2 - (-1 - -2)).
-1
Evaluate -861 + 907 - (0 + 25).
21
Calculate (-4 + (-1 - -1) + 1 - 0) + 16.
13
Evaluate -8 + 1 + (6 - (3 + -4)).
0
Evaluate 0 + -1 + (36 - 47 - -5).
-7
Calculate 46 + 15 + -24 - 16.
21
What is the value of 19 - ((-8 - -12) + 14)?
1
What is (4 - 0 - (20 - 0)) + -112 + 114?
-14
What is the value of -6 + ((20 - 1) + -12 - 1)?
0
Evaluate -23 + 2 + (34 - 8).
5
Calculate -2 + -4 + 12 + (-9 - (-15 - -4)).
8
What is the value of -4 - (-13 + -13 - -13) - 10?
-1
What is the value of 22 - (16 + -23 + (4 - 4 - -6))?
23
(2 - -15) + (-107 - -97) - (9 + 2)
-4
What is 9 + (4 - -1) + -119 + 120?
15
What is the value of -23 + 20 + -5 + (2 - -1) - 0?
-5
10 + -22 - (17 - (9 + -12 + 11))
-21
-64 + 123 + -70 - (1 + -5 - 0)
-7
What is 11 - (-3 - -23 - (3 - -7) - 2)?
3
Calculate 59 - 58 - ((-2 - -4 - -14) + -2).
-13
What is 301 + -292 - (0 - 2)?
11
What is the value of 29 - (2 + (14 - -1))?
12
Calculate -5 + -16 + 12 + (-5 - 8).
-22
Evaluate 7 + (27 + -3 - 20).
11
What is the value of -31 - (4 - 10 - -4) - -15?
-14
What is -33 - -29 - -12 - ((0 - -1) + -12)?
19
What is -8 + (-